vided by 22.
14
Calculate the remainder when 990 is divided by 123.
6
Calculate the remainder when 1375 is divided by 43.
42
Calculate the remainder when 559 is divided by 17.
15
What is the remainder when 742 is divided by 186?
184
What is the remainder when 201 is divided by 10?
1
Calculate the remainder when 196 is divided by 15.
1
Calculate the remainder when 337 is divided by 20.
17
Calculate the remainder when 797 is divided by 20.
17
What is the remainder when 213 is divided by 65?
18
Calculate the remainder when 989 is divided by 45.
44
What is the remainder when 81 is divided by 12?
9
What is the remainder when 181 is divided by 61?
59
What is the remainder when 12 is divided by 12?
0
Calculate the remainder when 292 is divided by 57.
7
What is the remainder when 100 is divided by 1?
0
Calculate the remainder when 137 is divided by 4.
1
What is the remainder when 46 is divided by 29?
17
What is the remainder when 285 is divided by 24?
21
What is the remainder when 470 is divided by 155?
5
What is the remainder when 1107 is divided by 137?
11
What is the remainder when 6898 is divided by 50?
48
Calculate the remainder when 572 is divided by 190.
2
Calculate the remainder when 702 is divided by 227.
21
Calculate the remainder when 55 is divided by 7.
6
Calculate the remainder when 697 is divided by 10.
7
Calculate the remainder when 117 is divided by 31.
24
Calculate the remainder when 269 is divided by 146.
123
Calculate the remainder when 164 is divided by 152.
12
Calculate the remainder when 4302 is divided by 15.
12
Calculate the remainder when 59 is divided by 16.
11
What is the remainder when 37 is divided by 3?
1
What is the remainder when 65 is divided by 13?
0
What is the remainder when 222 is divided by 46?
38
What is the remainder when 195 is divided by 54?
33
What is the remainder when 353 is divided by 249?
104
What is the remainder when 3777 is divided by 18?
15
What is the remainder when 44 is divided by 37?
7
What is the remainder when 54 is divided by 53?
1
What is the remainder when 334 is divided by 136?
62
What is the remainder when 4703 is divided by 1566?
5
What is the remainder when 137 is divided by 37?
26
Calculate the remainder when 896 is divided by 132.
104
Calculate the remainder when 197 is divided by 90.
17
What is the remainder when 92 is divided by 73?
19
What is the remainder when 35 is divided by 10?
5
Calculate the remainder when 236 is divided by 17.
15
Calculate the remainder when 511 is divided by 103.
99
Calculate the remainder when 170 is divided by 89.
81
What is the remainder when 7628 is divided by 23?
15
Calculate the remainder when 2924 is divided by 65.
64
What is the remainder when 1846 is divided by 66?
64
What is the remainder when 135 is divided by 6?
3
Calculate the remainder when 847 is divided by 57.
49
What is the remainder when 478 is divided by 8?
6
Calculate the remainder when 239 is divided by 49.
43
What is the remainder when 1125 is divided by 286?
267
Calculate the remainder when 477 is divided by 155.
12
Calculate the remainder when 4451 is divided by 21.
20
What is the remainder when 460 is divided by 66?
64
What is the remainder when 267 is divided by 58?
35
Calculate the remainder when 1012 is divided by 333.
13
What is the remainder when 175 is divided by 55?
10
Calculate the remainder when 491 is divided by 335.
156
What is the remainder when 2570 is divided by 29?
18
What is the remainder when 4162 is divided by 23?
22
What is the remainder when 25 is divided by 13?
12
Calculate the remainder when 20663 is divided by 21.
20
What is the remainder when 379 is divided by 29?
2
Calculate the remainder when 62 is divided by 16.
14
What is the remainder when 107 is divided by 55?
52
Calculate the remainder when 536 is divided by 20.
16
What is the remainder when 301 is divided by 16?
13
Calculate the remainder when 1699 is divided by 68.
67
Calculate the remainder when 655 is divided by 48.
31
What is the remainder when 16167 is divided by 19?
17
Calculate the remainder when 1889 is divided by 86.
83
Calculate the remainder when 110 is divided by 57.
53
What is the remainder when 1377 is divided by 261?
72
Calculate the remainder when 132 is divided by 50.
32
What is the remainder when 96 is divided by 20?
16
What is the remainder when 107 is divided by 2?
1
What is the remainder when 254 is divided by 68?
50
What is the remainder when 222 is divided by 57?
51
What is the remainder when 443 is divided by 89?
87
Calculate the remainder when 9932 is divided by 72.
68
What is the remainder when 770 is divided by 195?
185
What is the remainder when 624 is divided by 18?
12
Calculate the remainder when 33 is divided by 28.
5
Calculate the remainder when 36 is divided by 8.
4
What is the remainder when 41 is divided by 7?
6
Calculate the remainder when 6 is divided by 2.
0
Calculate the remainder when 320 is divided by 81.
77
Calculate the remainder when 457 is divided by 119.
100
What is the remainder when 779 is divided by 30?
29
Calculate the remainder when 188 is divided by 86.
16
Calculate the remainder when 272 is divided by 89.
5
Calculate the remainder when 51 is divided by 10.
1
What is the remainder when 888 is divided by 33?
30
What is the remainder when 272 is divided by 259?
13
Calculate the remainder when 21 is divided by 8.
5
What is the remainder when 737 is divided by 9?
8
What is the remainder when 723 is divided by 355?
13
What is the remainder when 9975 is divided by 217?
210
Calculate the remainder when 169 is divided by 16.
9
Calculate the remainder when 598 is divided by 579.
19
Calculate the remainder when 357 is divided by 132.
93
What is the remainder when 51 is divided by 27?
24
What is the remainder when 526 is divided by 256?
14
What is the remainder when 226 is divided by 61?
43
Calculate the remainder when 157 is divided by 91.
66
Calculate the remainder when 271 is divided by 34.
33
Calculate the remainder when 2728 is divided by 39.
37
Calculate the remainder when 1333 is divided by 112.
101
What is the remainder when 12195 is divided by 4060?
15
Calculate the remainder when 330 is divided by 42.
36
Calculate the remainder when 3551 is divided by 24.
23
What is the remainder when 1523 is divided by 100?
23
Calculate the remainder when 243 is divided by 64.
51
Calculate the remainder when 75 is divided by 11.
9
Calculate the remainder when 238 is divided by 63.
49
Calculate the remainder when 5015 is divided by 8.
7
What is the remainder when 9171 is divided by 62?
57
What is the remainder when 297 is divided by 38?
31
What is the remainder when 1506 is divided by 69?
57
What is the remainder when 1196 is divided by 47?
21
What is the remainder when 73 is divided by 9?
1
Calculate the remainder when 2464 is divided by 29.
28
Calculate the remainder when 557 is divided by 31.
30
What is the remainder when 9916 is divided by 57?
55
What is the remainder when 47 is divided by 14?
5
Calculate the remainder when 27000 is divided by 31.
30
Calculate the remainder when 168 is divided by 9.
6
Calculate the remainder when 225 is divided by 40.
25
Calculate the remainder when 274 is divided by 72.
58
What is the remainder when 151 is divided by 29?
6
What is the remainder when 81 is divided by 27?
0
Calculate the remainder when 44764 is divided by 27.
25
Calculate the remainder when 158 is divided by 73.
12
Calculate the remainder when 113 is divided by 97.
16
Calculate the remainder when 937 is divided by 16.
9
What is the remainder when 22091 is divided by 6?
5
What is the remainder when 329 is divided by 38?
25
Calculate the remainder when 1656 is divided by 53.
13
Calculate the remainder when 38 is divided by 29.
9
Calculate the remainder when 1664 is divided by 827.
10
Calculate the remainder when 311 is divided by 34.
5
Calculate the remainder when 123 is divided by 33.
24
What is the remainder when 2318 is divided by 89?
4
Calculate the remainder when 3420 is divided by 31.
10
What is the remainder when 1284 is divided by 28?
24
What is the remainder when 2191 is divided by 25?
16
Calculate the remainder when 4044 is divided by 253.
249
What is the remainder when 1554 is divided by 38?
34
Calculate the remainder when 1107 is divided by 26.
15
What